3
Calculate the remainder when 40116 is divided by 3828.
1836
What is the remainder when 120602 is divided by 1604?
302
Calculate the remainder when 1643335 is divided by 19799.
18
What is the remainder when 597958 is divided by 214?
42
What is the remainder when 390373 is divided by 6296?
21
Calculate the remainder when 92851 is divided by 23195.
71
What is the remainder when 108414 is divided by 7222?
84
Calculate the remainder when 583371 is divided by 107.
7
What is the remainder when 923223 is divided by 460925?
1373
Calculate the remainder when 67218 is divided by 22394.
36
Calculate the remainder when 50067788 is divided by 16689241.
65
Calculate the remainder when 229537 is divided by 45886.
107
What is the remainder when 2738393 is divided by 370?
23
Calculate the remainder when 14971117 is divided by 65.
57
What is the remainder when 9607017 is divided by 21984?
9
What is the remainder when 6582471 is divided by 1316492?
11
Calculate the remainder when 899814 is divided by 1785.
174
Calculate the remainder when 1839649 is divided by 48.
1
What is the remainder when 37011 is divided by 944?
195
What is the remainder when 174769 is divided by 13420?
309
Calculate the remainder when 18770280 is divided by 9385118.
44
Calculate the remainder when 18206089 is divided by 1509.
4
Calculate the remainder when 3161736 is divided by 4422.
6
Calculate the remainder when 2297561979 is divided by 14729.
14727
What is the remainder when 124646042 is divided by 16192?
26
What is the remainder when 14662 is divided by 1666?
1334
Calculate the remainder when 11151382 is divided by 458.
456
Calculate the remainder when 209504 is divided by 6621.
4253
What is the remainder when 665620 is divided by 1616?
1444
Calculate the remainder when 86401934 is divided by 966.
962
What is the remainder when 8122862 is divided by 253839?
14
What is the remainder when 159416492 is divided by 10627766?
2
Calculate the remainder when 1445466 is divided by 3844.
122
Calculate the remainder when 92695 is divided by 92653.
42
What is the remainder when 225888342 is divided by 27?
24
What is the remainder when 5564290 is divided by 39463?
7
What is the remainder when 28668 is divided by 2795?
718
Calculate the remainder when 318064 is divided by 105946.
226
Calculate the remainder when 723 is divided by 222.
57
What is the remainder when 61190843 is divided by 207?
194
Calculate the remainder when 6681096 is divided by 27.
0
Calculate the remainder when 1072832465 is divided by 318.
317
Calculate the remainder when 365062 is divided by 365051.
11
What is the remainder when 3571277 is divided by 1420?
1397
Calculate the remainder when 373010 is divided by 15539.
74
What is the remainder when 855050 is divided by 4013?
281
Calculate the remainder when 805172 is divided by 2524.
16
Calculate the remainder when 545670 is divided by 64.
6
What is the remainder when 2351999 is divided by 15576?
23
What is the remainder when 101608 is divided by 5976?
16
Calculate the remainder when 11430758 is divided by 229.
223
What is the remainder when 1785381 is divided by 286?
169
Calculate the remainder when 16008352 is divided by 100052.
32
What is the remainder when 46982013 is divided by 15660663?
24
What is the remainder when 2641855 is divided by 440298?
67
What is the remainder when 297597 is divided by 2860?
157
Calculate the remainder when 3304138 is divided by 3957.
43
What is the remainder when 134737 is divided by 25734?
6067
Calculate the remainder when 771990 is divided by 128637.
168
Calculate the remainder when 14273233 is divided by 6479.
6475
What is the remainder when 13778315 is divided by 3444576?
11
What is the remainder when 248037 is divided by 489?
114
What is the remainder when 1435606 is divided by 1435564?
42
Calculate the remainder when 1242077 is divided by 217.
186
Calculate the remainder when 9102729 is divided by 14.
13
Calculate the remainder when 12032 is divided by 731.
336
Calculate the remainder when 1165558 is divided by 531.
13
What is the remainder when 99234139 is divided by 277?
274
What is the remainder when 484182 is divided by 241707?
768
What is the remainder when 22181 is divided by 3007?
1132
Calculate the remainder when 4103950 is divided by 366.
358
What is the remainder when 22740806 is divided by 409?
406
Calculate the remainder when 183082 is divided by 141.
64
What is the remainder when 1294247922 is divided by 8025?
8022
What is the remainder when 3828224 is divided by 1663?
1661
What is the remainder when 117681 is divided by 11758?
101
Calculate the remainder when 1146878 is divided by 16.
14
What is the remainder when 233924 is divided by 58430?
204
Calculate the remainder when 163192 is divided by 16315.
42
Calculate the remainder when 40135123 is divided by 54.
1
What is the remainder when 10232656 is divided by 698?
674
Calculate the remainder when 568207 is divided by 399.
31
What is the remainder when 4576032 is divided by 55?
32
What is the remainder when 19824178 is divided by 576?
562
Calculate the remainder when 1625862 is divided by 36.
30
What is the remainder when 810345709 is divided by 597?
595
What is the remainder when 150611 is divided by 644?
559
Calculate the remainder when 4958075 is divided by 619759.
3
What is the remainder when 50972 is divided by 35?
12
Calculate the remainder when 75551 is divided by 589.
159
Calculate the remainder when 36693038 is divided by 10.
8
What is the remainder when 2291298 is divided by 81832?
2
Calculate the remainder when 1696807 is divided by 96.
7
What is the remainder when 792517 is divided by 944?
501
Calculate the remainder when 6709665 is divided by 9.
3
Calculate the remainder when 778100 is divided by 2007.
1391
What is the remainder when 2335550 is divided by 38?
32
What is the remainder when 523178 is divided by 47559?
29
What is the remainder when 196555 is divided by 2068?
95
What is the remainder when 6016049 is divided by 21?
11
Calculate the remainder when 201301797 is divided by 501.
498
Calculate the remainder when 24312344 is divided by 2226.
2198
Calculate the remainder when 609240 is divided by 916.
100
What is the remainder when 2619206 is divided by 654718?
334
Calculate the remainder when 48730819 is divided by 48730819.
0
Calculate the remainder when 302830475 is divided by 116027.
5
What is the remainder when 11673109 is divided by 18858?
7
Calculate the remainder when 72003 is divided by 7187.
133
What is the remainder when 4581617 is divided by 38180?
17
Calculate the remainder when 46945878 is divided by 5380.
5378
Calculate the remainder when 8899018 is divided by 5643.
7
Calculate the remainder when 128188 is divided by 89.
28
Calculate the remainder when 19240012 is divided by 202.
118
What is the remainder when 1390854 is divided by 115?
44
What is the remainder when 422506 is divided by 422487?
19
What is the remainder when 65250 is divided by 4075?
50
What is the remainder when 171708 is divided by 253?
174
What is the remainder when 7238838 is divided by 94?
86
What is the remainder when 1609143 is divided by 29253?
228
What is the remainder when 12055239 is divided by 5445?
9
What is the remainder when 5846653 is divided by 68784?
13
What is the remainder when 114235 is divided by 38047?
94
Calculate the remainder when 18977031 is divided by 9488512.
7
What is the remainder when 56985851 is divided by 3352105?
66
Calculate the remainder when 2256711 is divided by 532.
499
Calculate the remainder when 95370 is divided by 83277.
12093
What is the remainder when 157103 is divided by 1940?
1903
What is the remainder when 5409786 is divided by 6247?
6131
Calculate the remainder when 601395 is divided by 2305.
2095
What is the remainder when 144611 is divided by 47801?
1208
What is the remainder when 745528 is divided by 9437?
5
What is the remainder when 1825839 is divided by 10933?
28
Calculate the remainder when 108045029 is divided by 915.
914
Calculate the remainder when 24271 is divided by 11558.
1155
Calculate the remainder when 21538596 is divided by 384.
36
What is the remainder when 2514396 is divided by 166?
160
Calculate the remainder when 8778619 is divided by 1698.
1657
Calculate the remainder when 9508893 is divided by 1096.
10